actors of a?
11
Let y be (-3)/4*2*2. Suppose -3*u - 13 = -4. List the prime factors of u/y + 1 - 0.
2
Let m = -21 - -24. List the prime factors of m.
3
Let d(s) = 13*s - 135. What are the prime factors of d(26)?
7, 29
Let p(v) = 2*v + 4. Let n be p(-3). Let d be (-1)/(-1) + n + -4. Let h = 8 + d. List the prime factors of h.
3
Let a(p) = 4*p**2 - 2*p + 4. Let o(d) = -5*d**2 + 2*d - 4. Let b(s) = -6*a(s) - 5*o(s). Let l be b(-4). Suppose -l*r = -9*r + 15. List the prime factors of r.
3
Let z(n) = n**3 - 6*n**2 + 2*n - 8. Let r be z(6). Suppose 45 = 5*p + r*h, 0*h - 15 = -2*p - h. Let w(t) = t**2 - 3*t - 4. List the prime factors of w(p).
2, 3
Suppose -4*g - 2 = p, -2*g + 0*g + p = -2. Suppose -5*s - 3*a + 12 = -g*a, -a = 3*s - 8. List the prime factors of (12/9 + 2)*s.
2, 5
Let p = 61 + -36. List the prime factors of 156/10 + 10/p.
2
Let u = 42 + -13. Let g = -20 + u. What are the prime factors of g?
3
List the prime factors of 3/18 + (-1614)/(-36).
3, 5
Suppose q + 82 = 2*y - 0*q, -3*q = 2*y - 74. What are the prime factors of y?
2, 5
List the prime factors of (-3)/2 + 255/10.
2, 3
Suppose 11*i = 8*i + 126. List the prime factors of i.
2, 3, 7
Let l be 128/10 - (-3)/15. Suppose 3*o - 53 - l = 0. List the prime factors of o.
2, 11
Let l = 10 + -7. Suppose -a + l = -4*a. Let g(m) = -13*m - 1. What are the prime factors of g(a)?
2, 3
Let s(o) = o**3 + 5*o**2 - 2*o. Let j be s(-5). Let p = j - 7. Suppose -i + 32 = 4*w - p, -48 = -5*w + 3*i. List the prime factors of w.
3
Let p(o) = o**3 + 3*o**2 - 2*o + 1. Suppose 13 = 3*t - 2*q, 7*q + 23 = 5*t + 3*q. Suppose d = v - 1, -t*d = -v - 3 + 12. What are the prime factors of p(v)?
7
List the prime factors of 4/(-34) - 104/(-17).
2, 3
Suppose -9*s + 2660 = 212. What are the prime factors of s?
2, 17
Let y = 3 - 7. Let i(c) = c**2 + 2*c + 3. Let g be i(y). Let q = g + -1. What are the prime factors of q?
2, 5
Let u(k) = 8*k + 32. List the prime factors of u(4).
2
Let i(s) = s**3 - 7*s**2 - 8*s - 7. Let q be i(8). Let u(z) = 2*z**2 + 5*z - 1. Let t be u(q). Suppose -5*m - 12 = -t. List the prime factors of m.
2, 5
Let g be -2*(693/30 - (-2)/5). Let t = 2 - 35. Let l = t - g. List the prime factors of l.
2, 7
Let j be (-22)/(-3) - 4/12. What are the prime factors of (-36)/(-7) - 1/j?
5
Suppose -4*z + 0*t + 6 = 2*t, -3*t = 4*z - 1. Suppose -z - 4 = -j. What are the prime factors of j?
2
Let s = -1 + 3. Suppose 26 = s*c - 20. Let j = c - 10. What are the prime factors of j?
13
What are the prime factors of 32/(0 + 8/4)?
2
Let p be -3 - (3 + -6) - -4. Suppose 0 = 2*j - p*j + 22. What are the prime factors of j?
11
Let u = 8 + -8. Suppose 0*x - x - 5*h = -28, u = -2*x - 5*h + 31. What are the prime factors of 20 - (x + 0 + 0)?
17
Let c be (6/8)/((-2)/(-8)). Let p be (-1 + 7)/(c/2). Suppose -3*y = 2*l - y - 16, 0 = -p*l - y + 29. List the prime factors of l.
7
Suppose -17 - 88 = -3*m. What are the prime factors of m?
5, 7
Suppose 2*k + 0 = 14. Suppose 0 = -3*z + k*z. Let w(f) = f**3 + f**2 + 5. What are the prime factors of w(z)?
5
Suppose 2*s + 2*c - 24 = 0, 3*s + 4*c - 3*c = 42. List the prime factors of s.
3, 5
Let o(h) = -5*h**3 + h**2 + 4*h + 2. Let t(f) = f**3 + f**2 - 1. Let x(p) = -o(p) - 4*t(p). List the prime factors of x(6).
2, 7
Suppose -7*x + 2*x + 350 = 3*u, -3*x + 474 = 4*u. List the prime factors of u.
2, 3, 5
Let p = -69 + 131. What are the prime factors of p?
2, 31
Suppose 0 = -0*z - z + 2. List the prime factors of (3/z)/(3/12).
2, 3
Let s(j) = -3 - 3*j**2 - 2*j + 6 + 1 + 0*j**3 + 2*j**3. List the prime factors of s(3).
5
Suppose -1 = -2*q + 61. Let m = q + -14. What are the prime factors of m?
17
Let l(o) = 22*o**2 - 1. Let r be l(1). Let w be (-56)/6 - (-2)/6. Let y = r + w. List the prime factors of y.
2, 3
Suppose -3*j + 20 = 2*j. Suppose j*k + 0*k - 68 = 0. List the prime factors of k.
17
Let c = -10 - -9. Let p be ((-1)/(-2))/((-1)/(-12)). List the prime factors of (p/9 + c)*-9.
3
Suppose 132 = 16*c - 12*c. What are the prime factors of c?
3, 11
List the prime factors of 7/1 + (-6)/3.
5
Suppose 5*y - 3*y = 0. Suppose y = -3*o + 5*d + 81, 3*o - d = 2*d + 87. List the prime factors of o.
2
Let n(d) = -3*d + 123. What are the prime factors of n(-37)?
2, 3, 13
Suppose -2 = -4*d + 2. Let c = d + 2. Suppose c*r + 2*r = 10. What are the prime factors of r?
2
Let i = 1 + 55. Suppose -4*x + i = 8. Suppose 3*l + 2*z + z - x = 0, -2*z + 4 = 0. List the prime factors of l.
2
Let j = 5 + -7. List the prime factors of (5 - 1)*j/(-4).
2
Suppose 0 = o - 1 - 5. What are the prime factors of (-18)/(-30)*(o + -1)?
3
Let b(u) = -u**2 + 47. What are the prime factors of b(0)?
47
Let z be (-1)/(-3) - 13/3. Let a = -39 + 34. List the prime factors of (a - -22) + z + 1.
2, 7
Let y be 120/16 - 1/2. What are the prime factors of (y/(-2))/((-7)/14)?
7
Let f(w) = -w**3 - 3*w**2 + 2*w. Let i be f(-3). What are the prime factors of 212/8 + (-3)/i?
3
Suppose 16 = -4*y - 0*y. What are the prime factors of y/14 + 172/14?
2, 3
List the prime factors of (0 - (-15)/5)*(-97)/(-3).
97
Suppose -2*z = 4*j - 158 + 38, j - 44 = -4*z. List the prime factors of j.
2, 7
Suppose k + 3*v - 5 - 31 = 0, -11 = -k + 2*v. Let n = k - -3. What are the prime factors of n?
2, 3
Suppose 5*a - 18 = 2. Suppose -a*b - 3*b + 315 = 0. List the prime factors of b.
3, 5
Let n(m) = -m**3 - 6*m**2 - 2*m + 5. Let i be n(-5). Let t(h) = h + 13. What are the prime factors of t(i)?
3
Suppose 4*h - h - 105 = 3*s, 3*s = -2*h + 65. List the prime factors of h.
2, 17
Suppose -6*p = 5*p - 1958. List the prime factors of p.
2, 89
Suppose -5 = -2*c - 1. Suppose l - c*l + 6 = 0. What are the prime factors of l?
2, 3
Let s = -2 - -8. Let h = 0 - s. Let r(y) = -y**3 - 7*y**2 - 8*y + 2. What are the prime factors of r(h)?
2, 7
Let a(o) = 7*o**3 - 3*o**2 + o - 1. Let t be a(2). Suppose 2*c + c = t. List the prime factors of c.
3, 5
Suppose 2*k - 5*o = 3*k - 302, -5*o = 3*k - 856. What are the prime factors of k?
277
Let g(r) = r**2 - 6*r + 165. List the prime factors of g(0).
3, 5, 11
Let r be ((-50)/(-8))/((-4)/16). Suppose -4*q - q = 4*m - 35, 15 = m - 5*q. List the prime factors of (-5)/r - (-28)/m.
3
Let q(o) = -o**3 + 9*o**2 + 10*o - 22. What are the prime factors of q(9)?
2, 17
Suppose 536 = 5*r + 6*l - 3*l, -5*r + 2*l = -526. What are the prime factors of r?
2, 53
Let l(t) = -t + 10. Let u be l(7). Let a = u - 2. Let g = a - -3. What are the prime factors of g?
2
Suppose 3 - 11 = -4*w. Suppose 2*i + 4 + 10 = -2*x, w*i + 11 = -5*x. Let m = i + 15. What are the prime factors of m?
7
Suppose -9 = -c + 7. List the prime factors of c.
2
What are the prime factors of 5 - (0 + (-138)/6)?
2, 7
Let s = 5 - 3. Suppose 2*z + s*z - 60 = 0. What are the prime factors of z?
3, 5
Let p(d) = d**3 - 14*d**2 + 13*d + 2. Suppose -6*n = -n - 65. List the prime factors of p(n).
2
Let n be (2 - 1) + (-9)/(-3). Suppose 2*w - 3*y = -n + 1, 0 = -5*w + 5*y. List the prime factors of w.
3
Suppose -8 = -2*i, 5*c - 3*i = -i + 282. What are the prime factors of c?
2, 29
Let p(g) = -7*g - 6. Let k(l) = -5 + 1 + 3. Let a(b) = -2*k(b) + p(b). List the prime factors of a(-3).
17
Let j be (-1 - 2) + 0 + 4. Suppose -o + 16 = -10. Suppose 0 = -5*d + 2*y + o, -2*d - 2*d - 5*y = -j. What are the prime factors of d?
2
What are the prime factors of 92/12*6/2?
23
Let k(l) = 5*l**2 - 1. Let i be k(-1). Suppose -4*c - i = -40. What are the prime factors of c?
3
Let o(k) = -3*k. Let h be o(-1). Suppose -4*f + 11 = 5*q, 17 = f + h*f - q. Let y = 10 - f. List the prime factors of y.
2, 3
Suppose 5*w - 2*w - 12 = 0. Suppose n = w - 3. Suppose 5*t = m - 20, 2*m + t + 2*t = n. List the prime factors of m.
5
Suppose 0 = 5*q - 1 - 24. Suppose q*p - 1 = 14. List the prime factors of p.
3
Suppose 5*p - x = 749, -4*p + p - x + 451 = 0. What are the prime factors of p?
2, 3, 5
Let b be 18 + 0 - 3 - 0. Suppose -10*w = -b*w + 45. List the prime factors of w.
3
Let x be (108/21)/((-9)/(-84)). List the prime factors of (-10)/4*x/(-15).
2
Let c be 2/(-5) - (-60)/25. Suppose -60 = -3*b - c*b. Suppose t - 48 = -5*u + 2*u, u = t + b. List the prime factors of u.
3, 5
Let b = -51 - -88. List the prime factors of b.
37
Suppose b = -2 + 5. Suppose 0 = -5*p + b + 32. List the prime factors of p.
7
Let x(o) = o**2 - 6*o + 